 = 6 + -4. Suppose v = 3*y - 2*h - 2*h, -3*y - 4*h = -10. Suppose z - y*z + 9 = 0. What are the prime factors of z?
3
Let x(y) = -6*y**3 - 3*y**2 - 2*y + 2. What are the prime factors of x(-3)?
11, 13
Suppose 0 = 4*a - 8, 32 = 2*i + 3*a - 68. What are the prime factors of i?
47
Let y(t) = -t**2 + 14*t - 6. Let n be y(6). Suppose -2*c + n = c. What are the prime factors of c?
2, 7
Suppose 2 = -2*g + 80. Suppose j = 4*j - g. List the prime factors of j.
13
Let t be 4 + (2 + -5)/(-3). Suppose 0 = t*n - 95 - 85. Suppose -3*y = -5*y + n. List the prime factors of y.
2, 3
Let f(s) = -s**3 - 4*s**2 + 4*s + 3. Let r be f(4). Let g = -78 - r. What are the prime factors of g?
31
Let r = -6 + 2. Let t(f) = -6 - 2*f**2 + f**2 - 8*f + 2*f. List the prime factors of t(r).
2
Let s(g) = 4*g**3 + 2*g**2 - 1. Let w be s(-1). Let t be (-1 - 5)*w/9. Suppose 0 = 3*z - d - 34, t*z - 5*d - 14 = -0*z. List the prime factors of z.
2, 3
Suppose -9*w + 62 = -487. List the prime factors of w.
61
Let z(f) = f**2 - 10*f - 3. Suppose -49 = -5*g + 2*h, -10 = -2*g - h + 15. List the prime factors of z(g).
2
Suppose 70 = -4*w + 550. What are the prime factors of w?
2, 3, 5
Let b(n) = 11*n - 3. List the prime factors of b(4).
41
Let f(l) = 5*l - 8. Let k = -5 - -9. List the prime factors of f(k).
2, 3
Let u(s) = 40*s + 1. List the prime factors of u(1).
41
Suppose 5*w = -3 - 7. What are the prime factors of 210/9 + w/6?
23
Let q(z) = z**2 + 7*z + 6. Let l be q(-5). Let s = 7 + l. Suppose s = -3*m, o + 1 = -o - 5*m. What are the prime factors of o?
2
Let o(h) = h**3 + 9*h**2 + 9*h - 9. What are the prime factors of o(-7)?
2, 13
Let c(u) = -u**3 - 3*u - 4. Let t be c(-3). Let k = -6 + t. What are the prime factors of k?
2, 13
What are the prime factors of (1 - 10)/(4/(-28))?
3, 7
Let a(s) = -s**3 - 9*s**2 - 9*s - 4. Suppose 5*q + 4*b = -40, -4*q + 3*q + 3*b = 8. List the prime factors of a(q).
2
Suppose -4*m + 0*m = -216. What are the prime factors of m?
2, 3
Let y(z) = -1 - 3*z**2 - 2 - 2*z**3 + 3*z**3. Let r be y(3). Let p = r - -6. List the prime factors of p.
3
Suppose 5*f + y = 270, -2*y - 2*y - 130 = -2*f. What are the prime factors of f?
5, 11
Suppose -952 = -5*h - 3*h. What are the prime factors of h?
7, 17
Let b be (-1)/(-2)*(-2 + 4). Let w(r) = -2 + 2*r - r - 1 + b. What are the prime factors of w(8)?
2, 3
Let z be (-3 - -4) + 1*7. Let d(x) = x**3 + 9*x**2 - 2*x - 3. Let c be d(-9). Suppose w - z - c = -5*a, -5*w - 5*a + 35 = 0. List the prime factors of w.
3
Let i(g) = -4*g + 3 - 7*g**3 - g**2 + 5*g**3 + 4*g**3. List the prime factors of i(2).
7
Suppose 4*i + 3*c + 34 = -1, i - 3*c + 5 = 0. Let j = i + 19. List the prime factors of j.
11
Let b(p) = -p**3 + 7*p**2 + 8*p - 11. What are the prime factors of b(7)?
3, 5
Let c(q) = 24*q**2. Let d be c(-1). Let k be 82/5 + 4/(-10). Let h = d - k. What are the prime factors of h?
2
Let a be 2/11 - 6/33. Suppose m + 0*m - 19 = a. What are the prime factors of m?
19
Let c = 31 - -4. What are the prime factors of c?
5, 7
Let s = 146 + -97. List the prime factors of s.
7
What are the prime factors of ((-8)/6)/((-6)/180)?
2, 5
Let n(d) = d**2 + 6*d + 7. Suppose 5*z - 20 = 9*z. Let g be n(z). What are the prime factors of (-4)/(g/(-1))*7?
2, 7
What are the prime factors of (-3)/(-12)*6*158?
3, 79
Suppose 1 = -5*u - 2*f + 8, -4*f = u + 13. Suppose 4 = 5*t + u*s - 5*s, -t + 3*s + 6 = 0. Suppose t*h = -h + 9. List the prime factors of h.
3
Suppose -f = 2*f - 4*w + 115, 5*w + 145 = -5*f. Let m be (-2)/8 + (-6)/8. List the prime factors of m/(36/f + 1).
11
Suppose -12 = 3*i, 2*i - 28 = 2*c + 7*i. Let r be c/2*20/(-8). Suppose -5*z - 5*k = -10, r*z - 11 = 2*k - 1. What are the prime factors of z?
2
List the prime factors of -3 - (-1)/((-3)/(-165)).
2, 13
Suppose 4*d - 2 = 6. Suppose n + d = -2. Let o(a) = -2*a + 5. List the prime factors of o(n).
13
Let v(k) = -k**3 + 19*k**2 + 11*k - 15. List the prime factors of v(19).
2, 97
Suppose -2*p = -4*p + 88. List the prime factors of p.
2, 11
Let i be -5 - (-5 + 2 + 1). Let c be (-5)/(3/(i*1)). Suppose c*m + 0 - 45 = 0. List the prime factors of m.
3
Let g = 3 + 24. What are the prime factors of g?
3
Let f = 4 - 3. Let q = 3 - f. Suppose 0 = -2*k + q*d + 14, 2*k + 4 = -2*d + 34. What are the prime factors of k?
11
Suppose 0*p = -p + 153. List the prime factors of p.
3, 17
List the prime factors of -6*(68/(-8) + 3).
3, 11
Let y be 6 + 3 - 2/(-2). Let o = y - -4. List the prime factors of o.
2, 7
Let d = -17 + 28. What are the prime factors of d?
11
Suppose 3 = 4*x - 21. Suppose -2*q = -x*q + 40. List the prime factors of q.
2, 5
Let j(k) = -32*k + 6. What are the prime factors of j(-2)?
2, 5, 7
Let x = 1 + 3. Suppose -96 = -x*j - 24. List the prime factors of j.
2, 3
Let g be (-1)/2 - 3/(-6). Suppose 2*t - 14 + 2 = g. Suppose d - t = 7. List the prime factors of d.
13
Let v(k) = k**3 - 5*k**2 - 4*k + 1. Let f be 3/(-3)*-2 - -1. Let l = f + 3. List the prime factors of v(l).
13
Suppose -4 + 0 = 2*d. Let h be 60/27 + d/9. Suppose h*v - 2 = -3*j + 2, 4*v + 5*j - 10 = 0. What are the prime factors of v?
5
Let y(c) = -3*c**2 + 3 - 3*c**2 + 5*c**2 + 5*c. Let a = 4 + 0. What are the prime factors of y(a)?
7
Suppose 0 = 4*p + 1 - 9. Let d be (p/(-3)*-9)/(-2). What are the prime factors of ((-1)/1 - d) + 2?
2
Let r(t) be the first derivative of t**3/3 + t**2/2 + 10*t + 1. What are the prime factors of r(0)?
2, 5
Let x be (-2)/(-4)*(0 + -6). What are the prime factors of 42/x*(-1)/2?
7
Let i = 153 + -15. List the prime factors of i.
2, 3, 23
Let q = 27 + 27. Suppose 0*x = -3*x + q. What are the prime factors of x?
2, 3
Let d(b) = 2*b**2 + 11*b + 7. What are the prime factors of d(-12)?
163
Let l = -2 + -2. List the prime factors of 1 + 2 + l/(-2).
5
Let h(u) = u**2 + 7*u - 10. Let q be h(-7). List the prime factors of ((-6)/10)/(2/q).
3
Suppose -421 = -0*m - 5*m + 2*h, 2*m + 2*h - 160 = 0. List the prime factors of m.
83
Let h be (-7)/(-2) + (-1)/(-2). Suppose -h*w + z = -6*w + 363, w + 5*z - 168 = 0. List the prime factors of (-2)/(-7) - w/(-21).
3
Let w(q) = q**3 - 8*q**2 + 6*q + 7. Let j be w(7). Let c(g) = -9*g + j - 10 + 12*g. List the prime factors of c(10).
2, 5
Let i(h) = h**3 + 13*h**2 - 3*h - 23. List the prime factors of i(-10).
307
Let q(o) = o**2 - 1. Let v = 5 + -6. Let y be q(v). Suppose k + c - 2 = y, -2*k - k = 4*c - 4. What are the prime factors of k?
2
Suppose -3*n - 4*t = -71, -5*n = -4*t - 6 - 123. Let f = -14 + n. What are the prime factors of f?
11
Let r = -2 + -4. Suppose -p = 4*m - 28, -4*p + 44 = -p + 4*m. Let z = p + r. List the prime factors of z.
2
Suppose -3*p = -5*s, 0 = -3*s + p - 0*p + 4. List the prime factors of s.
3
Suppose -4*l + 16 = 0, 3*x + 3*l - 5*l = -26. Let g = 9 + x. What are the prime factors of g?
3
Let q = -5 + 8. Suppose -2*s = -k - 15 + 4, -3*k - 33 = -q*s. Let d = 24 + k. List the prime factors of d.
13
List the prime factors of 1519/9 + (-2)/(-9).
13
Suppose 4*a = x + 951 - 55, -a = -4*x - 209. List the prime factors of a.
3, 5
Suppose -5*m + 118 = -317. List the prime factors of m.
3, 29
What are the prime factors of (-9)/6*(-14)/3?
7
Let x(h) = h**3 + 2*h**2 + 2*h + 1. Let p(l) = l + 2. Let u be p(-3). Let o be x(u). What are the prime factors of (2/(-4) - o)*-22?
11
Let t(g) = g**2 + 13*g - 12. What are the prime factors of t(-15)?
2, 3
Let h(i) = i**2 - 2*i - 7. List the prime factors of h(6).
17
Let a = 0 + 3. Let f(v) = 4*v - 2 + 2*v - v + 0. List the prime factors of f(a).
13
Suppose 2 = -0*s - 2*s, -4 = -i - 4*s. Suppose -3*b + i = -7. Let t = b + -2. List the prime factors of t.
3
Suppose -2*p + 76 = -3*h - 5, p = 3. Let s = 35 + h. Suppose 0 = 5*f - 5*k - s, -17 = -3*f + 2*f - 2*k. What are the prime factors of f?
7
Let q(j) = -9*j + 1. Let a be q(-2). Suppose -5*b - 3*x + 15 = -29, b + 4*x - a = 0. What are the prime factors of b?
7
What are the prime factors of ((-30)/3)/((-1)/6)?
2, 3, 5
Suppose 3*d - 7 = -1. Suppose -10 = -d*r + 8. List the prime factors of r.
3
Suppose -20 = -2*k + 26. Suppose -3*i - 3*p + 37 = -k, -3*p - 78 = -3*i. What are the prime factors of i?
23
Suppose 2*z + 0*z = 0. Let l = 0 + z. Suppose 3*x = -l*x + 15. What are the prime factors of x?
5
Let m = -2 + 15. List the prime factors of m.
13
Let h be (-4)/(4/2*-1)